+ 226*i + 1314. Calculate c(52).
-454
Let m(y) = -2008*y - 154617. Give m(-77).
-1
Let z(l) = 248*l + 52842. Determine z(-207).
1506
Let z(g) = -263*g**2 - 4660*g + 1336. What is z(-18)?
4
Let a(k) = -9*k**2 + 6893*k + 6891. Determine a(-1).
-11
Let j(i) = 2*i**2 - 7304*i + 317505. Calculate j(44).
1
Let q(i) = 60*i**2 - 5768*i - 17025. Determine q(99).
3
Let t(a) = a**2 + 539*a - 69132. Determine t(107).
-10
Let i(u) = -188*u**2 - 78*u - 22. Determine i(-1).
-132
Let x(d) = -1294*d + 24068. What is x(18)?
776
Let q(o) = 98*o**2 + 2108*o + 52. Determine q(-22).
1108
Let p(l) = 1559*l - 40306. Give p(25).
-1331
Let q(m) = 116100*m + 1625398. Determine q(-14).
-2
Let l(s) = 808*s + 137370. What is l(-170)?
10
Let l(a) = 112426*a + 562124. Determine l(-5).
-6
Let p(y) = 130474*y + 913270. Calculate p(-7).
-48
Let b(j) = -4*j**3 - 389*j**2 + 690*j - 295. Give b(-99).
2
Let h(b) = 7*b**3 + 75*b**2 + 49*b - 24. Calculate h(-10).
-14
Let k(r) = -15811*r + 982. What is k(0)?
982
Let t(c) = 3*c**2 - c + 93. What is t(13)?
587
Let z(r) = -1567*r + 59588. Determine z(38).
42
Let k(v) = v**3 + 9*v**2 - 6135*v - 464. What is k(74)?
54
Let s(i) = 11408*i**2 + 57042*i - 4. Give s(-5).
-14
Let f(g) = -887*g - 72401. Calculate f(-81).
-554
Let u(o) = 182490*o + 20803856. Determine u(-114).
-4
Let t(y) = y**3 - 122*y**2 - 4973*y + 606790. Determine t(122).
84
Let y(z) = z**2 + 15*z + 489. Give y(-57).
2883
Let m(s) = -6*s**2 - 699*s - 20356. Calculate m(-60).
-16
Let i(l) = -6*l**2 - 2011*l - 74125. Give i(-293).
4
Let l(b) = -b**2 + 501*b - 20514. What is l(456)?
6
Let b(h) = -7*h**2 + 584*h - 1894. Calculate b(80).
26
Let k(l) = -l**2 - 9016*l + 626303. Determine k(69).
-562
Let s(d) = 5*d**3 - 1026*d**2 + 16986*d + 5812. Calculate s(187).
15
Let a(t) = 50*t**2 - 31585*t - 9475. Give a(632).
5
Let p(i) = -i**2 - 287*i + 2359. Determine p(8).
-1
Let t(d) = 39*d**2 + 1316*d + 9. What is t(0)?
9
Let d(a) = -4032*a - 153140. Give d(-38).
76
Let i(j) = -194*j - 2993. What is i(-16)?
111
Let x(c) = -3313*c + 214838. Give x(65).
-507
Let y(p) = -208*p - 6705. Determine y(-35).
575
Let z(o) = 5033*o - 10102. Calculate z(2).
-36
Let j(a) = 4*a**2 - 448*a + 2167. Calculate j(5).
27
Let h(q) = 8*q**2 + 166*q + 816. Give h(-22).
1036
Let q(b) = 4012770*b + 8025541. Give q(-2).
1
Let q(z) = -2966*z**2 - 20764*z - 73. Give q(-7).
-59
Let f(u) = -7*u**3 + 48*u**2 + 916*u - 2026. Determine f(2).
-58
Let z(p) = -1897*p - 49159. Determine z(-26).
163
Let y(h) = h**3 + 532*h**2 - 4338*h - 9756. What is y(-540)?
-36
Let p(k) = k**3 + 15*k**2 - 3462*k - 17381. Calculate p(-5).
179
Let w(j) = -3*j**3 - 887*j**2 - 4066*j + 2326. Determine w(-291).
-2
Let w(b) = b**2 - 277*b - 3234. Give w(-11).
-66
Let g(c) = 4*c**3 - 28*c**2 - 28*c + 200. Determine g(7).
4
Let y(n) = 499*n**3 - 2*n**2 + 35*n - 33. What is y(1)?
499
Let f(s) = 12980*s - 64971. Determine f(5).
-71
Let m(r) = -4*r**2 + 31*r - 39. Determine m(15).
-474
Let p(l) = -320*l + 5658. What is p(15)?
858
Let f(b) = -b**2 + 56*b - 220. What is f(56)?
-220
Let a(z) = 21*z**2 - 513*z - 3081. What is a(-5)?
9
Let n(v) = 3*v**2 - 732*v - 8421. What is n(-11)?
-6
Let i(o) = o**3 + 462*o**2 + 53192*o + 8. What is i(-218)?
8
Let z(q) = 2380*q - 94729. What is z(40)?
471
Let a(r) = 191626*r - 1341377. Give a(7).
5
Let z(h) = -623*h**2 + 645*h - 1295. Calculate z(2).
-2497
Let s(y) = y**2 + 1116*y + 14292. Calculate s(-13).
-47
Let r(w) = -3*w**3 + 966*w**2 - 4718*w - 193. Determine r(5).
-8
Let p(i) = -30210*i + 604190. Calculate p(20).
-10
Let d(c) = 9*c**2 - 1247*c + 8920. Determine d(131).
12
Let b(u) = 1473*u - 10968. Determine b(9).
2289
Let d(x) = 4400*x + 6816. Give d(-1).
2416
Let v(h) = 4*h + 520. Calculate v(-104).
104
Let r(g) = -1837*g - 391219. Calculate r(-213).
62
Let p(a) = -a**2 + 2223*a - 19875. Give p(9).
51
Let f(m) = -m**3 + 45*m**2 - 161*m - 2854. Determine f(39).
-7
Let l(s) = 15*s**2 + 1497*s + 1184. Give l(-99).
-4
Let r(u) = -3*u**3 + 348*u**2 - 341*u - 457. Calculate r(115).
3
Let r(f) = f**2 - 369*f + 6314. What is r(351)?
-4
Let z(v) = -v**3 - 53*v**2 - 799*v - 46059. Determine z(-54).
3
Let m(c) = c**3 - 31*c**2 - 754*c + 571. Give m(47).
477
Let s(t) = 1675*t + 22006. Determine s(-13).
231
Let a(c) = 9833*c**2 - 108164*c + 21. Determine a(11).
10
Let q(v) = -21295*v - 4195151. What is q(-197)?
-36
Let z(r) = -28*r**3 + 147*r**2 - 20*r + 19. What is z(6)?
-857
Let f(a) = -a**2 - 501*a + 19818. What is f(37)?
-88
Let x(m) = -166558*m + 21152864. Calculate x(127).
-2
Let l(x) = 434*x + 107021. Give l(-250).
-1479
Let b(t) = -t**3 - t**2 - 55*t + 279. Give b(4).
-21
Let l(u) = -14*u**2 + 38*u + 159. Calculate l(-5).
-381
Let a(m) = -10833*m - 86812. What is a(-8)?
-148
Let c(j) = j**3 - 5*j**2 - 132*j + 1021. What is c(13)?
657
Let t(f) = -354*f + 4510. What is t(9)?
1324
Let j(s) = 2*s**2 - 607*s + 36832. What is j(84)?
-44
Let v(o) = -4522097*o - 18088383. What is v(-4)?
5
Let p(o) = -2*o**2 - 484*o + 58072. Calculate p(88).
-8
Let u(b) = -4*b**3 + 179*b**2 - 391*b + 19485. Determine u(45).
-135
Let d(u) = 305*u + 3120. What is d(-11)?
-235
Let d(s) = s**3 + 89*s**2 - 2624*s + 58934. Determine d(-116).
6
Let k(g) = -2*g + 592. Determine k(329).
-66
Let n(q) = 60*q**2 + 1170*q + 4617. Calculate n(-14).
-3
Let m(f) = f**3 - 433*f**2 - 459*f + 10929. Determine m(434).
79
Let g(m) = 1610*m**3 + 6*m**2 - 9*m + 2. Give g(1).
1609
Let u(v) = 36513*v + 6754900. Give u(-185).
-5
Let u(j) = -7*j**3 + 100*j**2 + 110*j - 38. Determine u(15).
487
Let y(b) = 6*b**2 - 103*b - 641. Determine y(-7).
374
Let x(t) = -104*t - 17057. Give x(-167).
311
Let d(r) = -2*r**2 + 94*r - 908. Give d(12).
-68
Let s(w) = -w**2 - 42*w + 1208. Calculate s(-59).
205
Let a(q) = 2*q**2 - 40615*q - 528296. Calculate a(-13).
37
Let t(a) = -a**3 + 31*a**2 - 6*a + 404. Give t(29).
1912
Let o(g) = g**2 + 641*g - 70751. Determine o(96).
1
Let c(a) = -64*a**3 - 4*a**2 - 9*a - 14. Determine c(-2).
500
Let q(l) = 6344*l + 38068. Determine q(-6).
4
Let c(j) = -j**3 + 4798*j**2 + 19213*j + 32. Determine c(-4).
12
Let u(d) = -6383*d + 191478. Calculate u(30).
-12
Let g(w) = -971*w - 532077. Give g(-548).
31
Let c(p) = 14*p**2 + 313*p - 2372. Calculate c(6).
10
Let c(s) = -120*s + 12013. Determine c(87).
1573
Let z(g) = -201*g - 9755. Give z(-53).
898
Let b(v) = v**3 + 3*v**2 - 6*v + 1634. Determine b(0).
1634
Let f(c) = -7*c**2 + 147*c + 2485. Determine f(-11).
21
Let c(h) = -2693*h - 45757. Determine c(-17).
24
Let o(u) = 41*u**2 + 19*u + 103. Determine o(5).
1223
Let y(f) = f**2 + 236887*f + 1184422. What is y(-5)?
12
Let j(f) = 4*f**2 - 570*f + 7658. Give j(15).
8
Let t(l) = -221*l**2 + 8151*l - 7024. What is t(36)?
-4
Let o(h) = 6*h**2 - 759*h - 2290. Determine o(-3).
41
Let w(f) = 1247*f - 95215. Give w(77).
804
Let g(s) = 3599*s + 374331. What is g(-104)?
35
Let t(z) = 1958582*z + 9792909. Determine t(-5).
-1
Let q(k) = 2*k**3 + 262*k**2 + 1504*k + 272. Calculate q(-125).
-228
Let x(p) = -2*p**2 + 1269*p - 199539. Determine x(347).
-14
Let v(b) = -2*b**2 - 326*b + 2689. What is v(-169)?
661
Let w(k) = 91*k**2 + 9652*k + 457. What is w(-106)?
-179
Let z(b) = 3*b**2 + 115099*b + 575426. Give z(-5).
6
Let o(m) = -m**3 + 72*m**2 - 158*m - 3192. Calculate o(69).
189
Let l(y) = 1804*y**3 + 8*y**2 + y. Calculate l(-1).
-1797
Let g(b) = 4*b**3 - 706*b**2 - 1631*b + 226066. What is g(177)?
37
Let v(x) = -3*x**3 - 119*x**2 + 83*x + 2376. Determine v(-40).
656
Let o(y) = 2*y**3 + 70*y**2 + 628*y + 28665. Give o(-37).
-47
Let b(c) = 15447*c - 602286. Give b(39).
147
Let x(b) = -2*b**3 - 106*b**2 - 825*b - 1549. Determine x(-44).
-97
Let j(o) = 180675*o - 2168108. Give j(12).
-8
Let f(p) = -1035*p + 21481. Determine f(20).
781
Let o(m) = 476*m - 182. Calculate o(0).
-182
Let l(m) = 2*m**2 + 246*m - 18653. Calculate l(53).
3
Let h(g) = 6*g**2 - 546*g - 6222. Give h(-11).
510
Let m(u) = -46619*u - 559436. Give m(-12).
-8
Let i(t) = 15*t**2 + 403*t + 2860. Calculate i(-7).
774
Let p(u) = -1526*u + 225720. Determine p(149).
-1654
Let n(b) = 1066*b - 119396. Calculate n(112).
-4
Let d(n) = 2*n**2 + 9136*n - 64047. What is d(7)?
3
Let p(v) = 20*v**3 + 72*v**2 + 34*v + 265. What is p(-4)?
1
Let g(f) = -f**2 - 1283*f + 28804. Calculate g(22).
94
Let v(i) = 2*i**3 